 + 0 - (7 - 0)?
-7
Evaluate -6 + 1 + 1 - -8 - 0.
4
What is the value of -3 - 0 - ((4 - 3) + -8)?
4
Calculate -2 + 0 + (0 - (-1 + 1)).
-2
What is 4 + -4 - (-9 + 0 + 7)?
2
-6 + 5 - 6 - (-2 + -3)
-2
Evaluate 12 + -5 + -4 + 2 + 3.
8
What is the value of -4 - (-6 + (5 - 4) + -2)?
3
What is the value of -2 - (11 - 13 - (2 + -5))?
-3
What is -7 + -1 + 8 + 6?
6
Calculate -2 + (3 + 2 - 2) + -3.
-2
-2 + -3 + -2 + 0 + -1
-8
-2 + -2 + 1 + (-23 - -22)
-4
-1 - ((0 - (0 - 2)) + 0)
-3
What is the value of 4 + (-11 - -4) + -2 + 5?
0
Calculate -1 + 1 + (-3 - -1).
-2
What is -6 + 6 + (-7 - -2)?
-5
(0 - ((-4 - 0) + 3)) + -1
0
Evaluate (7 - 5) + -2 + 1 - 4.
-3
3 - -1 - (11 + -19 + 7)
5
Evaluate -5 + (3 - 2) + 20 + -12.
4
Calculate 6 + -8 - 2 - (2 + 0).
-6
Calculate 1 - ((0 + 8 - 4) + 1).
-4
Calculate (49 - 46) + (-2 - 6).
-5
Calculate -1 + -1 + -10 + 7 + 5.
0
-5 + (10 - 7) - -2 - -1
1
3 - 17 - -4 - -2
-8
What is (48 - 42) + (0 - (-2 - -2))?
6
Calculate -7 - (-4 + (-1 - -1)).
-3
(-1 - -3) + -5 - (-1 + 0)
-2
What is -9 - -14 - 5 - -6?
6
Calculate 5 + -5 + -2 - (0 - 6).
4
What is 9 - 17 - -12 - (6 - 0)?
-2
-1 - -6 - (16 + (-22 - -11))
0
Calculate -4 + 5 + 1 + -1.
1
11 + (-3 - 2) + 3 + -6
3
-10 - -5 - (6 + 0 - 12)
1
-1 - (-5 + 4 + -1 + 0)
1
Evaluate -20 - -12 - (-4 - 1).
-3
Evaluate -6 + 17 - (-2 - -5).
8
What is -1 + (8 + -5 - 0)?
2
-1 + -21 + 0 + 8 + 6
-8
What is the value of 7 - (4 + 1) - -6?
8
What is -7 - (-2 + (0 - 3) + 2)?
-4
Calculate -1 - -8 - (-57 - -60).
4
Calculate (14 - 10) + (0 + 1 - 8).
-3
-3 - -4 - (-3 + 4)
0
Calculate 4 + 11 + (-18 - -8).
5
What is -3 - (-3 + -2 + 4 + -1)?
-1
-12 - -9 - (-3 - 2)
2
What is 1 + -6 + 15 + -3 + -2?
5
What is (0 - (6 + -4)) + (1 - -1)?
0
What is the value of -6 - (1 - -1 - 4 - 2)?
-2
What is the value of -6 + 4 - (-2 + 3) - -5?
2
Calculate -9 + 4 - (-9 + -2 - -6).
0
What is 7 + -12 + 0 + 4?
-1
Evaluate -3 + (-2 + 0 - -3).
-2
What is the value of 8 + (-3 - (6 + 6))?
-7
Calculate (8 - (18 - 2)) + 11 + -11.
-8
Calculate -4 - (-5 - (-2 - -2)).
1
What is the value of 4 + -7 - (-8 + -1) - 2?
4
What is the value of (5 - -3) + -2 + -4?
2
Calculate (-1 - (-1 + 10) - -7) + 2.
-1
5 + -4 - 2 - (-5 + 7)
-3
What is the value of 9 + (-1 - 0) - (-177 + 176)?
9
Calculate -9 + (-9 + 30 - 9).
3
What is the value of -2 - -3 - (7 + -6)?
0
Evaluate 1 + -6 - (-3 + -3).
1
Evaluate 4 - (22 + -21 - (1 - -1)).
5
What is the value of (-6 - -4) + 1 - 3 - -2?
-2
Evaluate 0 - ((-2 - 5) + 4).
3
Calculate (-2 - 0) + (2 - 8) + 11.
3
Evaluate (-18 - -9) + 9 + -2.
-2
What is the value of 8 + (-15 - (-9 + (2 - -8)))?
-8
1 - (-5 + (8 - (-2 - -2)))
-2
(-3 - (-1 + 4 + -2)) + 3
-1
(0 - 2 - (23 - 21)) + 7
3
What is -7 + -2 + (-4 - (7 + -15))?
-5
4 - (-4 - (-13 + 4))
-1
What is 1 + 0 + (11 - 12) - 0?
0
Evaluate 1 - (-2 + (-2 - (-3 - -5))).
7
Evaluate -1 - (2 - 6 - -5).
-2
Calculate 4 + 11 + -20 + -2.
-7
What is the value of (1 + -11 - -7) + 0?
-3
What is the value of 19 + 14 + -26 - (5 - 0)?
2
Evaluate (-6 - -1) + 4 - (3 - 0).
-4
-1 + -5 + 3 + -3
-6
What is the value of 5 + -1 + 2 + -2?
4
What is -1 + -7 - -7 - -1?
0
(4 - 2) + -2 + (1 - 4)
-3
Calculate (-4 - 1) + 3 + -5 + 1.
-6
What is the value of -7 + 14 - ((3 - -6) + -2)?
0
What is the value of 2 - (4 - 8 - -3)?
3
What is the value of 9 + 4 - 9 - 8?
-4
What is -3 + 14 + -14 + 9?
6
What is the value of 0 + (0 - 6 - (-2 + -4))?
0
What is -3 + (0 - (5 + -11))?
3
What is (-1 + 8 - 11) + 10?
6
1 - (-3 + -1 - -2)
3
Calculate (5 - (5 + -3)) + -2 + 2.
3
What is 2 - 4 - 0 - (-2 - 0)?
0
1 + 6 - (32 - 28) - 6
-3
Calculate 2 + (1 + 5 - 4).
4
Calculate 2 + -1 - (1 + -1).
1
What is the value of (1 - 2) + 4 + -3?
0
Calculate (10 - (-1 - -6)) + -7.
-2
Evaluate 9 + -9 + 4 - 3.
1
Evaluate (3 - -1) + (-1 - (-7 - -2)).
8
Evaluate -6 - (-4 - 5) - -3 - -1.
7
(0 - 6) + (9 - -5) + -7
1
Calculate 7 - (6 + -9 + 4 + -1).
7
11 + (3 - (-5 + 10) - 3)
6
What is 1 + 1 - ((-1 - 2) + 5)?
0
Calculate 4 + -4 + 4 + -11.
-7
Calculate -1 + 0 - (-1 + (-5 - -7)).
-2
Evaluate -1 - (-2 - -1 - (2 + 0)).
2
-6 - (2 - 5 - (0 + -1))
-4
What is the value of -6 + 0 + 3 - 1?
-4
Calculate 0 + (2 - -2) + -2.
2
Evaluate -2 + -14 + -3 + 13.
-6
Calculate -3 - (0 + -7) - (-1 - -4).
1
Calculate -7 + 2 - -8 - (2 - -6).
-5
Calculate 1 + -3 + (-2 - (1 - 1)).
-4
What is 6 + -1 + (-1 - 6) - 7?
-9
(0 - (-13 - -10)) + -4 + 1
0
-7 - ((2 - -2) + (-9 - -1))
-3
Evaluate -1 + -11 + 8 - (-2 - 2).
0
Evaluate (6 - (4 + 1 - -3)) + 3.
1
Calculate (6 - 4 - 4) + 2 + 2.
2
What is (-11 - -8) + 1 + 1?
-1
Calculate 0 - 2 - ((1 - 7) + 7).
-3
6 + 0 + -2 + -3
1
Evaluate 2 + (4 + 2 - (-21 - -25)).
4
Calculate -6 + 8 - (-2 - (-6 - 2)).
-4
What is the value of -1 + -1 + (13 - 13) - -5?
3
What is the value of 7 + -14 + 12 - 7 - 3?
-5
Evaluate 10 - 7 - (0 - -5).
-2
Calculate -13 + 10 + (5 - 2) - -3.
3
0 + (-1 - 2) + 0
-3
What is the value of -5 - (-1 - (-7 + 4))?
-7
Evaluate 4 - (0 - (1 + -1 + 1)).
5
Calculate (-2 - (-9 - -8)) + 5.
4
Calculate 0 - (13 + (-1 - 11)).
-1
Evaluate 4 + 5 + -2 - (2 + 4).
1
Evaluate (4 - (5 + -5)) + -2 + 2.
4
Evaluate -4 + 0 + 1 + -2 + 4.
-1
3 + (-2 - (-2 + 0))
3
Calculate -4 - -4 - (5 + -2 - 3).
0
1 + 1 + (31 - 35)
-2
What is the value of (-6 - (-22 - -9)) + -3 + -2?
2
(9 - (-4 + 9)) + -9
-5
Evaluate 1 + 1 + (-5 - (-6 - -6)).
-3
(-4 - -4) + (-1 - (-4 - 2))
5
Evaluate 10 + -9 + 3 + -8.
-4
What is the value of 2 + 6 - (6 - 4)?
6
Calculate -4 + 0 + (20 - 9) + -4.
3
-13 - -3 - ((-6 - -9) + -9)
-4
-2 + -7 - (-9 - -5)
-5
-10 - ((7 - 1) + -10)
-6
Evaluate -2 + -5 + -7 + 7.
-7
Calculate 1 - ((1 - 0) + 3).
-3
Evaluate -5 + 3 + 2 - (4 + -2).
-2
What is the value of 13 + -4 + 3 + -9?
3
Evaluate 1 - 7 - (2 + -15 - -7).
0
What is 6 - (6 - (-6 - (3 - 17)))?
8
What is the value of (-1 + 6 - 1) + 2?
6
Evaluate 4 + 4 + (-5 - 0).
3
What is the value of 1 + (1 - 5) + -1?
-4
What is the value of -14 + (2 - -2) - -6?
-4
Calculate -5 + (13 - 0) + -3.
5
Calculate -6 + (8 - (5 - 2)).
-1
Calculate -3 + -5 + 0 + 3.
-5
Evaluate 1 - (2 + (4 - 4)).
-1
(2 - 0) + -3 + -2
-3
Evaluate 2 - 5 - (2 + -3).
-2
Calculate 9 + -1 + -3 + -1 + -1.
3
Calculate (-9 - -3) + 13 + -1.
6
What is the value of 4 + -6 + 0 + -2?
-4
Calculate 2 + 3 - ((17 - 6) + -8).
2
Calculate 6 - (2 + (-12 - -5) + 9).
2
Calculate (-33 - -26) + -2 + 13.
4
-2 + 1 + -2 + 0 + 1
-2
Calculate 1 - (-4 + (8 - 6)).
3
Evaluate 0 + -8 - -6 - -2.
0
Calculate -4 + (7 - 3) - (-4 + 5).
-1
104 + -111 + (4 + -1 - -1)
-3
What is the value of -4 + 3 + 8 + -6?
1
What is the value of -2 + (-4 - (-4 - -1))?
-3
What is the value of 11 + -1 - 4 - (-3 - -7)?
2
-4 + (0 - 4 - -1) + 12
5
3 + (1 - 1) - (-10 + 14)
-1
Calculate 1 + (-1 + 3 - -2).
5
What is the value of -2 - (6 + (1 - 5))?
-4
What is 5 - ((24 - 2) + -11)?
-6
What is 94 + -99 - (1 + -1 + -2)?
-3
What is -3 + -19 + 10 - -13?
1
What is the value of 0 - (14 + (-7 - 1))?
-6
11 - 7 - (10 - 14)
8
What is the value of 1 + -1 + 2 - (-16 + 18)?
0
Evaluate -2 - (-3 - (-5 + 3 - -7)).
6
Evaluate 6 + -7 - (-1 + -4).
4
What is the value of 2 + -1 + (19 - 18)?
2
What is the value of -1 - 3 - (2 - 4)?
-2
(-11 - (-9 - -6)) + 6 + 2
0
Evaluate -1 + (-4 - -3) - 1 - 0.
-3
Calculate 1 + -1 + -3 + (0 - -1).
-2
What is 2 + 2 + (-3 - 3)?
-2
-3 + (-4 - 3) - -5 - -9
4
What is the value of -11 + 3 + 2 + 11?
5
6 + 1 + (31 - 36) + 2
4
What is 0 + -7 + (-35 - -55) - 5?
8
What is -4 + (5 - 3) + -1?
-3
What is the value of (-1 - -7) + (-3 + -1 - 9)?
-7
Evaluate 0 + -8 - -8 - 4.
-4
-9 - (2 + 7 + -2 + -12)
-4
Evaluate 0 - (0 - (1 - (5 + -3))).
-1
What is (-3 - -2) + (-3 - (3 + -7))?
0
-1 - 0 - (-5 + 1) - 5
-2
What is -1 + (-4 - -2) - -6?
3
What is -4 + 1 - (6 + (-4 - 3))?
-2
What is -2 + 3 + (1 - 7)?
-5
Evaluate (-6 - -8) + (-1 - 2 - 3).
-4
What is (19 - (9 - -4)) + 2?
8
-9 + (11 - (-2 + 8))
-4
9 - (-5 - (8 - 23 - -8))
7
-3 - (94 + -93 + 2 + -1)
-5
What is -9 + 18 + -8 - (-1 - -3)?
-1
What is 6 + (4 - 3 - 6)?
1
What is (-3 - (-3 + 1)) + -3?
-4
-3 + (2 - 2) - (-5 + 1)
1
Evaluate (-1 - -7) + (-16 - -4) + 3.
-3
5 + -2 - (4 + -7 - -1)
5
Calculate 1 + (-10 - (-1 + -15)).
7
Evaluate -8 + 6 + (5 - 6) + 5.
2
What is (-22 + 4 - (-2 + -2)) + 6?
-8
What is -10 + 15 + (-10 - -2)?
-3
Calculate -7 + (11 - -5) + -4.
5
What is 3 + -3 + -9 + -1?
-10
What is the value of (-3 - (5 - (3 + 6))) + -8?
-7
Calculate -60 + 65 - (-3 - -1).
7
Calculate (14 - 6